{"id":137,"date":"2025-03-31T23:02:25","date_gmt":"2025-03-31T23:02:25","guid":{"rendered":"https:\/\/manzara.site\/?page_id=137"},"modified":"2026-02-27T20:18:24","modified_gmt":"2026-02-27T20:18:24","slug":"fotograflar","status":"publish","type":"page","link":"https:\/\/manzara.site\/?page_id=137","title":{"rendered":"FOTO\u011eRAFLAR"},"content":{"rendered":"\n<details class=\"wp-block-details is-layout-flow wp-block-details-is-layout-flow\"><summary><\/summary>\n<figure class=\"wp-block-image size-large\"><img loading=\"lazy\" decoding=\"async\" width=\"1024\" height=\"577\" src=\"https:\/\/manzara.site\/wp-content\/uploads\/2026\/02\/DSCF6584-1024x577.jpg\" alt=\"\" class=\"wp-image-276\" srcset=\"https:\/\/manzara.site\/wp-content\/uploads\/2026\/02\/DSCF6584-1024x577.jpg 1024w, https:\/\/manzara.site\/wp-content\/uploads\/2026\/02\/DSCF6584-300x169.jpg 300w, https:\/\/manzara.site\/wp-content\/uploads\/2026\/02\/DSCF6584-768x433.jpg 768w, https:\/\/manzara.site\/wp-content\/uploads\/2026\/02\/DSCF6584-1536x866.jpg 1536w, https:\/\/manzara.site\/wp-content\/uploads\/2026\/02\/DSCF6584.jpg 2048w\" sizes=\"auto, (max-width: 1024px) 100vw, 1024px\" \/><\/figure>\n<\/details>\n\n\n\n<figure class=\"wp-block-image size-large\"><img loading=\"lazy\" decoding=\"async\" width=\"1024\" height=\"577\" src=\"https:\/\/manzara.site\/wp-content\/uploads\/2026\/02\/DSCF6584-2-1024x577.jpg\" alt=\"\" class=\"wp-image-277\" srcset=\"https:\/\/manzara.site\/wp-content\/uploads\/2026\/02\/DSCF6584-2-1024x577.jpg 1024w, https:\/\/manzara.site\/wp-content\/uploads\/2026\/02\/DSCF6584-2-300x169.jpg 300w, https:\/\/manzara.site\/wp-content\/uploads\/2026\/02\/DSCF6584-2-768x433.jpg 768w, https:\/\/manzara.site\/wp-content\/uploads\/2026\/02\/DSCF6584-2-1536x866.jpg 1536w, https:\/\/manzara.site\/wp-content\/uploads\/2026\/02\/DSCF6584-2.jpg 2048w\" sizes=\"auto, (max-width: 1024px) 100vw, 1024px\" \/><\/figure>\n\n\n\n<p>\u0130zmir&#8217;de sakin bir pazar sabah\u0131<\/p>\n\n\n\n<figure class=\"wp-block-image size-large\"><img loading=\"lazy\" decoding=\"async\" width=\"1024\" height=\"705\" src=\"https:\/\/manzara.site\/wp-content\/uploads\/2026\/02\/DSCF6611-1024x705.jpg\" alt=\"\" class=\"wp-image-278\" srcset=\"https:\/\/manzara.site\/wp-content\/uploads\/2026\/02\/DSCF6611-1024x705.jpg 1024w, https:\/\/manzara.site\/wp-content\/uploads\/2026\/02\/DSCF6611-300x207.jpg 300w, https:\/\/manzara.site\/wp-content\/uploads\/2026\/02\/DSCF6611-768x529.jpg 768w, https:\/\/manzara.site\/wp-content\/uploads\/2026\/02\/DSCF6611-1536x1058.jpg 1536w, https:\/\/manzara.site\/wp-content\/uploads\/2026\/02\/DSCF6611-2048x1410.jpg 2048w\" sizes=\"auto, (max-width: 1024px) 100vw, 1024px\" \/><\/figure>\n\n\n\n<p>Erik a\u011fac\u0131 \u00e7i\u00e7ek a\u00e7m\u0131\u015f 22 \u015eubat 2026<\/p>\n\n\n\n<figure class=\"wp-block-image size-large\"><img loading=\"lazy\" decoding=\"async\" width=\"1024\" height=\"572\" src=\"https:\/\/manzara.site\/wp-content\/uploads\/2026\/02\/DSCF6614-1024x572.jpg\" alt=\"\" class=\"wp-image-279\" srcset=\"https:\/\/manzara.site\/wp-content\/uploads\/2026\/02\/DSCF6614-1024x572.jpg 1024w, https:\/\/manzara.site\/wp-content\/uploads\/2026\/02\/DSCF6614-300x168.jpg 300w, https:\/\/manzara.site\/wp-content\/uploads\/2026\/02\/DSCF6614-768x429.jpg 768w, https:\/\/manzara.site\/wp-content\/uploads\/2026\/02\/DSCF6614-1536x858.jpg 1536w, https:\/\/manzara.site\/wp-content\/uploads\/2026\/02\/DSCF6614-2048x1144.jpg 2048w\" sizes=\"auto, (max-width: 1024px) 100vw, 1024px\" \/><\/figure>\n\n\n\n<p><\/p>\n\n\n\n<figure class=\"wp-block-image size-large\"><img loading=\"lazy\" decoding=\"async\" width=\"1024\" height=\"653\" src=\"https:\/\/manzara.site\/wp-content\/uploads\/2026\/02\/DSCF6615-1024x653.jpg\" alt=\"\" class=\"wp-image-280\" srcset=\"https:\/\/manzara.site\/wp-content\/uploads\/2026\/02\/DSCF6615-1024x653.jpg 1024w, https:\/\/manzara.site\/wp-content\/uploads\/2026\/02\/DSCF6615-300x191.jpg 300w, https:\/\/manzara.site\/wp-content\/uploads\/2026\/02\/DSCF6615-768x490.jpg 768w, https:\/\/manzara.site\/wp-content\/uploads\/2026\/02\/DSCF6615-1536x979.jpg 1536w, https:\/\/manzara.site\/wp-content\/uploads\/2026\/02\/DSCF6615-2048x1305.jpg 2048w\" sizes=\"auto, (max-width: 1024px) 100vw, 1024px\" \/><\/figure>\n\n\n\n<p><\/p>\n\n\n\n<figure class=\"wp-block-image size-large\"><img loading=\"lazy\" decoding=\"async\" width=\"1024\" height=\"632\" src=\"https:\/\/manzara.site\/wp-content\/uploads\/2026\/02\/DSCF6616-1024x632.jpg\" alt=\"\" class=\"wp-image-281\" srcset=\"https:\/\/manzara.site\/wp-content\/uploads\/2026\/02\/DSCF6616-1024x632.jpg 1024w, https:\/\/manzara.site\/wp-content\/uploads\/2026\/02\/DSCF6616-300x185.jpg 300w, https:\/\/manzara.site\/wp-content\/uploads\/2026\/02\/DSCF6616-768x474.jpg 768w, https:\/\/manzara.site\/wp-content\/uploads\/2026\/02\/DSCF6616-1536x948.jpg 1536w, https:\/\/manzara.site\/wp-content\/uploads\/2026\/02\/DSCF6616-2048x1264.jpg 2048w\" sizes=\"auto, (max-width: 1024px) 100vw, 1024px\" \/><\/figure>\n\n\n\n<p>Cam\u0131m\u0131n \u00f6n\u00fcndeki dut a\u011fac\u0131na gelen sevimli ku\u015f internette g\u00f6rsel olarak aratt\u0131\u011f\u0131mda t\u00fcr\u00fc boz \u00e7\u0131vg\u0131n olarak \u00e7\u0131k\u0131yor, do\u011fru mu bilmiyorum ama bildi\u011fim bir\u015fey var o da \u00e7ok sevimli oldu\u011fu.<\/p>\n\n\n\n<figure class=\"wp-block-image size-large\"><img loading=\"lazy\" decoding=\"async\" width=\"1024\" height=\"577\" src=\"https:\/\/manzara.site\/wp-content\/uploads\/2026\/02\/DSCF6510-1024x577.jpg\" alt=\"\" class=\"wp-image-282\" srcset=\"https:\/\/manzara.site\/wp-content\/uploads\/2026\/02\/DSCF6510-1024x577.jpg 1024w, https:\/\/manzara.site\/wp-content\/uploads\/2026\/02\/DSCF6510-300x169.jpg 300w, https:\/\/manzara.site\/wp-content\/uploads\/2026\/02\/DSCF6510-768x433.jpg 768w, https:\/\/manzara.site\/wp-content\/uploads\/2026\/02\/DSCF6510-1536x865.jpg 1536w, https:\/\/manzara.site\/wp-content\/uploads\/2026\/02\/DSCF6510-2048x1154.jpg 2048w\" sizes=\"auto, (max-width: 1024px) 100vw, 1024px\" \/><\/figure>\n\n\n\n<p>1 Ocak 2026 gecesi inciralt\u0131, tripodsuz uzun \u00e7ekim yapmaya \u00e7al\u0131\u015f\u0131nca \u00e7\u0131kanlar. <\/p>\n\n\n\n<ul class=\"wp-block-social-links is-style-logos-only is-layout-flex wp-block-social-links-is-layout-flex\"><\/ul>\n\n\n\n<p><\/p>\n","protected":false},"excerpt":{"rendered":"<p>\u0130zmir&#8217;de sakin bir pazar sabah\u0131 Erik a\u011fac\u0131 \u00e7i\u00e7ek a\u00e7m\u0131\u015f 22 \u015eubat 2026 Cam\u0131m\u0131n \u00f6n\u00fcndeki dut a\u011fac\u0131na gelen sevimli ku\u015f internette&hellip; <\/p>\n","protected":false},"author":1,"featured_media":0,"parent":0,"menu_order":0,"comment_status":"closed","ping_status":"closed","template":"page-templates\/gallery-template.php","meta":{"footnotes":""},"class_list":["post-137","page","type-page","status-publish","hentry"],"_links":{"self":[{"href":"https:\/\/manzara.site\/index.php?rest_route=\/wp\/v2\/pages\/137","targetHints":{"allow":["GET"]}}],"collection":[{"href":"https:\/\/manzara.site\/index.php?rest_route=\/wp\/v2\/pages"}],"about":[{"href":"https:\/\/manzara.site\/index.php?rest_route=\/wp\/v2\/types\/page"}],"author":[{"embeddable":true,"href":"https:\/\/manzara.site\/index.php?rest_route=\/wp\/v2\/users\/1"}],"replies":[{"embeddable":true,"href":"https:\/\/manzara.site\/index.php?rest_route=%2Fwp%2Fv2%2Fcomments&post=137"}],"version-history":[{"count":6,"href":"https:\/\/manzara.site\/index.php?rest_route=\/wp\/v2\/pages\/137\/revisions"}],"predecessor-version":[{"id":317,"href":"https:\/\/manzara.site\/index.php?rest_route=\/wp\/v2\/pages\/137\/revisions\/317"}],"wp:attachment":[{"href":"https:\/\/manzara.site\/index.php?rest_route=%2Fwp%2Fv2%2Fmedia&parent=137"}],"curies":[{"name":"wp","href":"https:\/\/api.w.org\/{rel}","templated":true}]}}