{"id":140,"date":"2025-03-31T23:03:09","date_gmt":"2025-03-31T23:03:09","guid":{"rendered":"https:\/\/manzara.site\/?page_id=140"},"modified":"2026-03-25T15:39:40","modified_gmt":"2026-03-25T15:39:40","slug":"videolar","status":"publish","type":"page","link":"https:\/\/manzara.site\/?page_id=140","title":{"rendered":"V\u0130DEOLAR"},"content":{"rendered":"\n<figure class=\"wp-block-gallery has-nested-images columns-default is-cropped wp-block-gallery-1 is-layout-flex wp-block-gallery-is-layout-flex\"><\/figure>\n\n\n\n<figure class=\"wp-block-embed is-type-video is-provider-youtube wp-block-embed-youtube wp-embed-aspect-16-9 wp-has-aspect-ratio\"><div class=\"wp-block-embed__wrapper\">\n<iframe loading=\"lazy\" title=\"Bolu G\u00f6lc\u00fck g\u00fcn bat\u0131m\u0131\" width=\"790\" height=\"444\" src=\"https:\/\/www.youtube.com\/embed\/ooSRnHT2eR0?feature=oembed\" frameborder=\"0\" allow=\"accelerometer; autoplay; clipboard-write; encrypted-media; gyroscope; picture-in-picture; web-share\" referrerpolicy=\"strict-origin-when-cross-origin\" allowfullscreen><\/iframe>\n<\/div><\/figure>\n\n\n\n<figure class=\"wp-block-embed is-type-video is-provider-youtube wp-block-embed-youtube wp-embed-aspect-16-9 wp-has-aspect-ratio\"><div class=\"wp-block-embed__wrapper\">\n<iframe loading=\"lazy\" title=\"Karina Bal\u0131k\u00e7\u0131 Bar\u0131na\u011f\u0131\" width=\"790\" height=\"444\" src=\"https:\/\/www.youtube.com\/embed\/JSunfVnw_WU?feature=oembed\" frameborder=\"0\" allow=\"accelerometer; autoplay; clipboard-write; encrypted-media; gyroscope; picture-in-picture; web-share\" referrerpolicy=\"strict-origin-when-cross-origin\" allowfullscreen><\/iframe>\n<\/div><\/figure>\n","protected":false},"excerpt":{"rendered":"","protected":false},"author":1,"featured_media":0,"parent":0,"menu_order":0,"comment_status":"closed","ping_status":"closed","template":"page-templates\/gallery-template.php","meta":{"footnotes":""},"class_list":["post-140","page","type-page","status-publish","hentry"],"_links":{"self":[{"href":"https:\/\/manzara.site\/index.php?rest_route=\/wp\/v2\/pages\/140","targetHints":{"allow":["GET"]}}],"collection":[{"href":"https:\/\/manzara.site\/index.php?rest_route=\/wp\/v2\/pages"}],"about":[{"href":"https:\/\/manzara.site\/index.php?rest_route=\/wp\/v2\/types\/page"}],"author":[{"embeddable":true,"href":"https:\/\/manzara.site\/index.php?rest_route=\/wp\/v2\/users\/1"}],"replies":[{"embeddable":true,"href":"https:\/\/manzara.site\/index.php?rest_route=%2Fwp%2Fv2%2Fcomments&post=140"}],"version-history":[{"count":3,"href":"https:\/\/manzara.site\/index.php?rest_route=\/wp\/v2\/pages\/140\/revisions"}],"predecessor-version":[{"id":322,"href":"https:\/\/manzara.site\/index.php?rest_route=\/wp\/v2\/pages\/140\/revisions\/322"}],"wp:attachment":[{"href":"https:\/\/manzara.site\/index.php?rest_route=%2Fwp%2Fv2%2Fmedia&parent=140"}],"curies":[{"name":"wp","href":"https:\/\/api.w.org\/{rel}","templated":true}]}}