{"id":2,"date":"2016-05-10T03:48:21","date_gmt":"2016-05-10T03:48:21","guid":{"rendered":"http:\/\/manzara.site\/?page_id=2"},"modified":"2025-03-31T21:55:43","modified_gmt":"2025-03-31T21:55:43","slug":"sample-page","status":"publish","type":"page","link":"https:\/\/manzara.site\/?page_id=2","title":{"rendered":"Hikayem"},"content":{"rendered":"<p>Ben bir foto\u011fraf\u00e7\u0131 de\u011filim, foto\u011fraf\u00e7\u0131l\u0131k konusunda ciddi bir e\u011fitim alm\u0131\u015f biri de de\u011filim. Ancak oldum olas\u0131 foto\u011fraf \u00e7ekmeyi seven biri oldum. An\u0131lar\u0131m\u0131 saklamak, en be\u011fendiklerimi basmak ve onlara bakmak hep \u00e7ok keyif vermi\u015ftir. Haf\u0131zam\u0131n tozlu raflar\u0131nda detaylar\u0131n\u0131 unuttu\u011fum g\u00fczelliklere bakmak hele bir de keyfim yerinde de\u011filse modumu y\u00fckseltmeme yard\u0131mc\u0131 olmu\u015ftur.<\/p>\n<p>\u0130lk \u00e7ekimlerime 2011 y\u0131l\u0131nda ald\u0131\u011f\u0131m Nikon ile ba\u015flad\u0131m , \u015fimdi ise 2024&#8217;te ald\u0131\u011f\u0131m Fuji ile devam ediyorum. \u0130lerlemek i\u00e7in \u00f6n\u00fcmde 5 y\u0131l var. Bu s\u00fcre i\u00e7indeki geli\u015fmeyi hem kendi kendime takip etmi\u015f hem de payla\u015fm\u0131\u015f olaca\u011f\u0131m. Burada payla\u015fman\u0131n bu s\u00fcre\u00e7te beni disipline edece\u011fine inan\u0131yorum.<\/p>\n<p>B\u00fct\u00fcn ziyaret\u00e7ilere keyifli seyirler diliyorum.<\/p>\n<p>Not: Foto\u011fraflarda serbest kullan\u0131m hakk\u0131 bulunmamaktad\u0131r, standart veya geni\u015fletilmi\u015f telif haklar\u0131 i\u00e7in\u00a0 admin@manzara.site adresi \u00fczerinden ileti\u015fim kurabilirsiniz.<\/p>\n","protected":false},"excerpt":{"rendered":"<p>Ben bir foto\u011fraf\u00e7\u0131 de\u011filim, foto\u011fraf\u00e7\u0131l\u0131k konusunda ciddi bir e\u011fitim alm\u0131\u015f biri de de\u011filim. Ancak oldum olas\u0131 foto\u011fraf \u00e7ekmeyi seven biri&hellip; <\/p>\n","protected":false},"author":1,"featured_media":0,"parent":0,"menu_order":0,"comment_status":"closed","ping_status":"open","template":"","meta":{"footnotes":""},"class_list":["post-2","page","type-page","status-publish","hentry"],"_links":{"self":[{"href":"https:\/\/manzara.site\/index.php?rest_route=\/wp\/v2\/pages\/2","targetHints":{"allow":["GET"]}}],"collection":[{"href":"https:\/\/manzara.site\/index.php?rest_route=\/wp\/v2\/pages"}],"about":[{"href":"https:\/\/manzara.site\/index.php?rest_route=\/wp\/v2\/types\/page"}],"author":[{"embeddable":true,"href":"https:\/\/manzara.site\/index.php?rest_route=\/wp\/v2\/users\/1"}],"replies":[{"embeddable":true,"href":"https:\/\/manzara.site\/index.php?rest_route=%2Fwp%2Fv2%2Fcomments&post=2"}],"version-history":[{"count":2,"href":"https:\/\/manzara.site\/index.php?rest_route=\/wp\/v2\/pages\/2\/revisions"}],"predecessor-version":[{"id":126,"href":"https:\/\/manzara.site\/index.php?rest_route=\/wp\/v2\/pages\/2\/revisions\/126"}],"wp:attachment":[{"href":"https:\/\/manzara.site\/index.php?rest_route=%2Fwp%2Fv2%2Fmedia&parent=2"}],"curies":[{"name":"wp","href":"https:\/\/api.w.org\/{rel}","templated":true}]}}